o - 5*x - 19. What is the remainder when o is divided by l?
2
Let c(m) = 21*m**2 + m - 2. Calculate the remainder when c(1) is divided by 11.
9
Let k(r) = r**3 + 4*r**2 - 5*r - 1. What is the remainder when k(-4) is divided by 5?
4
Let f = 74 - 14. Suppose -38 - 88 = -6*x. Calculate the remainder when f is divided by x.
18
Let v be 0*1*(1 - 2). Suppose v*p = 2*p + 54. What is the remainder when 16 is divided by p/2*(-2)/3?
7
Suppose 4 - 1 = x. Suppose 4*w - 12 = -k, 5*w + k - 24 = -9. Calculate the remainder when x is divided by w.
0
Let n = -6 - -4. What is the remainder when 19 is divided by 5/n*(7 - 11)?
9
Let m = 72 + -56. Calculate the remainder when 109 is divided by m.
13
Let m be (-18)/(-22) + (-2)/(-11). Let k = 9 - m. Calculate the remainder when 31 is divided by k.
7
Suppose j + i + 48 = 2*j, 0 = 5*j - 2*i - 246. What is the remainder when j is divided by 13?
11
Let q(k) = 2 + 0 + 4 - 17 - 2*k. Calculate the remainder when 2 is divided by q(-6).
0
Let b(y) = -6 + 11*y - 7 + 2 + 1. Let r be b(10). Suppose 5*z = u + r, 0*z - 100 = -5*z - 4*u. Calculate the remainder when 58 is divided by z.
18
Suppose -4*g = 3*b - 47, -2*g + 9 = b - 4*g. Calculate the remainder when b is divided by 4.
1
Suppose 5*h - 287 = -4*c + 374, h - 145 = -4*c. What is the remainder when h is divided by 22?
19
Let u(d) = d + 15. Suppose 0 = -z - 4*z + 4*b + 200, -2*z - 3*b + 103 = 0. Calculate the remainder when z is divided by u(0).
14
Let c = 0 - -2. Suppose -35 = -a + 3*h - 6, -c*a - h + 23 = 0. Let y = 57 - 31. What is the remainder when y is divided by a?
12
Calculate the remainder when 3/(-12) - (-77)/4 is divided by (-3)/(-9) + (-28)/(-6).
4
Suppose 36*x = 41*x - 25. Suppose -2*m + v + 34 = -0*v, 19 = m - v. What is the remainder when (6/m)/(1/35) is divided by x?
4
Let w(g) = g**2 + 9*g + 5. Suppose 2 + 3 = h. Suppose -b + c - 9 = 0, -27 = 2*b + b + h*c. Calculate the remainder when w(b) is divided by 2.
1
Suppose -2*y = 2*y - 48. What is the remainder when y - 10 - (-1 + -21) is divided by 9?
6
Let v = -2 + 58. What is the remainder when v is divided by (5 + -4)*22 + -3?
18
Let m(b) = b**3 + 7*b**2 - 12*b - 9. Calculate the remainder when 41 is divided by m(-8).
18
Suppose 3*n - l - 12 = 2*l, -n - 3*l = -24. Suppose -4*y + 178 = -102. What is the remainder when 1/(-2) + y/4 is divided by n?
8
Let c be 219/7 + (-4)/14. Let w = 8 - c. Let d = 34 + w. Calculate the remainder when 30 is divided by d.
8
Let u(c) = -c**3 - 3*c**2 - 2*c - 1. Let a be u(-3). Suppose -k - k = 4*w - 46, -4*w - 171 = -a*k. What is the remainder when k is divided by 16?
15
Suppose -4*i + 21 = -51. Let z(p) = -2*p + p - i*p. What is the remainder when z(-2) is divided by 13?
12
Suppose 0 = 4*m - 0*r + 3*r - 163, -6 = 2*r. What is the remainder when m is divided by 22?
21
Suppose -12 = 3*r + 9. Let f = 11 + r. Calculate the remainder when 7 is divided by f.
3
Suppose 0 = -4*h - 4 + 8. What is the remainder when 3 is divided by h?
0
Let x(c) be the third derivative of -c**4/12 - c**3/2 + 3*c**2. Let s be x(-3). Suppose -6*u + 75 = -s*u. What is the remainder when u is divided by 7?
4
Suppose 1 - 29 = -4*j. Suppose j*n - 45 = 67. Suppose -5*x - c + 15 = 2*c, -3*c - 15 = 0. What is the remainder when n is divided by x?
4
Let z = 4 + -5. Suppose 0 = 4*s - 4 - 0. What is the remainder when 4 is divided by (s - z) + -1 + 1?
0
Let x = -9 - -9. Suppose 26 = 3*g - 4*a, -g + 8 = -x*g - a. Calculate the remainder when g is divided by 5.
1
Let c(k) = -26*k + 1. Let y be c(-1). Suppose -2*p = y - 87. What is the remainder when p is divided by 8?
6
Let d(k) = -k**2 + 1. Let z be d(0). Let w = 3 - z. What is the remainder when 3 is divided by w?
1
Let g(i) = i**3 - 8*i**2 + 6*i - 1. Let s(h) = -h**2 + 5*h + 7. Let r be s(5). Let n be g(r). Let t = n - -12. Calculate the remainder when 6 is divided by t.
2
Let f(g) = g**3 + g**2 - g + 6. Let x(c) be the first derivative of -c**2/2 + 5*c - 2. Let z be x(5). What is the remainder when 11 is divided by f(z)?
5
Suppose -2*w + 10 = 3*b, -2*w - b = -6*b - 10. Suppose -226 = -w*j + 3*q, -2*j + 0*j + 3*q = -94. What is the remainder when j is divided by 15?
14
Let x(q) = 11*q + 2. Let s(b) = -10*b - 2. Let j(t) = -5*s(t) - 4*x(t). Let w be j(-5). What is the remainder when 33 is divided by ((-34)/8)/(7/w)?
16
Let c = -22 - -60. Let x = c - 24. What is the remainder when 40 + 0 + -1 + 1 is divided by x?
12
Let m be (1 - (-15)/(-5))*-5. Suppose -32 = 6*n - m*n. Let b = -16 + 45. What is the remainder when b is divided by n?
5
Let q = 18 + -8. Let s(j) = 26*j**3 + j**2 + j - 1. What is the remainder when s(1) is divided by q?
7
Let c = -2 - -2. Suppose c = 3*k - 73 - 50. What is the remainder when k is divided by 21?
20
Suppose -o = 6*j - j - 14, 0 = o - 4*j - 32. Calculate the remainder when 45 is divided by o.
21
Let i(b) = 3*b**2 + 3*b + 1. Let p = 13 + -11. Calculate the remainder when i(-2) is divided by p.
1
Suppose 276 = 4*b + 5*i, -b + 4*i + 386 = 4*b. Suppose f - b = -1. Calculate the remainder when f is divided by 10*(2/4 - -2).
23
Calculate the remainder when 133 is divided by 4*(-183)/(-16) + 3/(-4).
43
Let h = -86 - -113. Calculate the remainder when 106 is divided by h.
25
Suppose -36 + 216 = 20*x. What is the remainder when 25 is divided by x?
7
Let r = -4 - -7. Let f = -45 + 55. Calculate the remainder when f is divided by r.
1
Let t(n) = 5*n - 1 - 6*n - 2*n**2 + 6*n - n**2 - n**3. Calculate the remainder when t(-5) is divided by 9.
6
Let x(h) = -h - 4. Let d be x(-4). Suppose -5*n + 134 + 6 = d. Calculate the remainder when n is divided by (10/(-2))/(3 - (-10)/(-3)).
13
Calculate the remainder when 17/((7 - 3) + -3) is divided by 6/1 + (-2)/2.
2
Suppose -2*o + 78 = -2*g, 4*g = -0*g + 4. Suppose 4*q = 5*q - o. What is the remainder when q is divided by 14?
12
Let r = -7 - -6. Let f be (48/28)/(r/(-7)). Suppose 10*k = 6*k + f. Calculate the remainder when k is divided by 2.
1
Suppose -3*d - 26 = -d. Let m = d - -78. Calculate the remainder when m is divided by 17.
14
Let r be 12/2*(-3)/(-6). Let m(p) = -p**2 + p + 10. Calculate the remainder when (3 + -2)/(r/57) is divided by m(0).
9
Let i(m) = m + 1 - m**2 - m**3 + 3*m**2 + 1. Suppose 0 = 2*w - 13 + 1. What is the remainder when w is divided by i(2)?
2
Let l = 63 + -46. Calculate the remainder when 50 is divided by l.
16
Let a(d) = -d**3 + 7*d**2 + 4*d - 1. Let w(t) = -18*t - 4. Let g be w(-3). Let j = -32 + g. Calculate the remainder when a(5) is divided by j.
15
Let r = -8 + 17. Suppose -r = -g - 0*g. What is the remainder when 33 is divided by g?
6
Suppose 9 = 5*m + 2*g, -2*m = -0*m - 5*g - 21. Suppose -2*o - m*n = -2*n - 39, o - 3*n - 23 = 0. Calculate the remainder when 37 is divided by o.
17
Suppose -4*g = -f - 86, 4*g + f - 90 = -0*f. Let k = g - 0. Calculate the remainder when 42 is divided by k.
20
What is the remainder when 5 is divided by 3/2 - (-6)/4?
2
Suppose 0 = 4*l - 2*d - 17 - 13, 4*l - 35 = -3*d. Suppose l*n + 36 = 12*n. Calculate the remainder when 26 is divided by n.
8
Suppose 4*u = -u + 20. What is the remainder when 37 is divided by 1/u + (-117)/(-12)?
7
Let j = -130 - -239. Calculate the remainder when j is divided by 22.
21
Suppose 6 = 3*y, -7*g + 2*y + 61 = -2*g. Suppose g = 3*n + 1. Calculate the remainder when 13 is divided by n.
1
Let o = -4 + 9. Suppose 5*w - 3*f + 0*f = 13, -15 = w - o*f. Suppose s = k + 17, 5*s = -4*k + 73 + 12. Calculate the remainder when s is divided by w.
2
Suppose -2*t - 3*m - 16 = 0, 2*t = -2*m + 3*m - 8. Calculate the remainder when t + 5 + 36 + 1 is divided by 10.
7
Suppose 0 = -2*k + 7*k - 75. Suppose -4*q + 34 + 41 = -d, 2*q - 5*d = k. What is the remainder when 59 is divided by q?
19
Suppose 0 = -3*w + w - 4. Calculate the remainder when (1/w)/((-2)/132) is divided by 18.
15
Let p = -10 - -15. Let x be (31/(-4))/((-1)/4). Suppose 1 = -p*t + x. Calculate the remainder when 23 is divided by t.
5
Let v(s) = -s**2 - 7*s + 26. Calculate the remainder when v(-7) is divided by 9.
8
Suppose 5*o - 18 = r, 4*r - 6*r + 2*o = -4. Suppose k = -4*a + 78, -24 = -a + 2*k - 0*k. What is the remainder when a is divided by r?
6
Suppose -7*p + 2 = -6*p. Suppose -p = 3*d - 5. What is the remainder when d is divided by 1?
0
Let t = -3 + 6. Let k = t + -